 digit of 11679?
9
What is the tens digit of 24536?
3
What is the tens digit of 16102?
0
What is the tens digit of 2982?
8
What is the tens digit of 16251?
5
What is the thousands digit of 1613?
1
What is the tens digit of 1988?
8
What is the units digit of 18572?
2
What is the tens digit of 2460?
6
What is the tens digit of 117593?
9
What is the units digit of 23193?
3
What is the hundreds digit of 76083?
0
What is the tens digit of 5039?
3
What is the thousands digit of 12468?
2
What is the tens digit of 18779?
7
What is the thousands digit of 21538?
1
What is the hundreds digit of 3318?
3
What is the tens digit of 4672?
7
What is the ten thousands digit of 61555?
6
What is the tens digit of 7178?
7
What is the units digit of 791?
1
What is the thousands digit of 5595?
5
What is the hundreds digit of 107659?
6
What is the units digit of 2617?
7
What is the thousands digit of 10615?
0
What is the units digit of 5547?
7
What is the thousands digit of 8827?
8
What is the tens digit of 10?
1
What is the thousands digit of 1313?
1
What is the hundreds digit of 2288?
2
What is the units digit of 2968?
8
What is the hundreds digit of 5886?
8
What is the ten thousands digit of 59746?
5
What is the units digit of 1960?
0
What is the hundreds digit of 6905?
9
What is the hundreds digit of 1103?
1
What is the tens digit of 3635?
3
What is the hundreds digit of 201?
2
What is the tens digit of 15013?
1
What is the thousands digit of 2103?
2
What is the tens digit of 785?
8
What is the hundreds digit of 1697?
6
What is the hundreds digit of 91338?
3
What is the tens digit of 703?
0
What is the units digit of 433?
3
What is the units digit of 279?
9
What is the tens digit of 2034?
3
What is the tens digit of 6054?
5
What is the hundreds digit of 1252?
2
What is the tens digit of 1909?
0
What is the hundreds digit of 1447?
4
What is the thousands digit of 3127?
3
What is the hundreds digit of 3045?
0
What is the thousands digit of 3706?
3
What is the tens digit of 206?
0
What is the tens digit of 4678?
7
What is the thousands digit of 1121?
1
What is the hundreds digit of 3605?
6
What is the units digit of 988?
8
What is the hundreds digit of 27585?
5
What is the hundreds digit of 47495?
4
What is the tens digit of 3133?
3
What is the hundreds digit of 4054?
0
What is the hundreds digit of 4775?
7
What is the tens digit of 1449?
4
What is the units digit of 58188?
8
What is the ten thousands digit of 17222?
1
What is the thousands digit of 1237?
1
What is the hundreds digit of 577?
5
What is the hundreds digit of 16427?
4
What is the ten thousands digit of 54273?
5
What is the units digit of 18057?
7
What is the hundreds digit of 5634?
6
What is the tens digit of 14575?
7
What is the tens digit of 36578?
7
What is the tens digit of 1502?
0
What is the thousands digit of 35771?
5
What is the units digit of 16915?
5
What is the units digit of 990?
0
What is the units digit of 107?
7
What is the units digit of 831?
1
What is the units digit of 1131?
1
What is the units digit of 84772?
2
What is the thousands digit of 4233?
4
What is the tens digit of 1331?
3
What is the tens digit of 774?
7
What is the units digit of 3350?
0
What is the tens digit of 37012?
1
What is the ten thousands digit of 61727?
6
What is the thousands digit of 8069?
8
What is the units digit of 92329?
9
What is the tens digit of 39201?
0
What is the thousands digit of 7149?
7
What is the tens digit of 276?
7
What is the ten thousands digit of 14937?
1
What is the units digit of 847?
7
What is the tens digit of 1089?
8
What is the hundreds digit of 1238?
2
What is the hundreds digit of 8697?
6
What is the ten thousands digit of 17978?
1
What is the tens digit of 1484?
8
What is the units digit of 2995?
5
What is the units digit of 3110?
0
What is the tens digit of 51996?
9
What is the units digit of 974?
4
What is the units digit of 22464?
4
What is the ten thousands digit of 23370?
2
What is the thousands digit of 1411?
1
What is the units digit of 1209?
9
What is the hundreds digit of 30585?
5
What is the units digit of 977?
7
What is the units digit of 51803?
3
What is the thousands digit of 1692?
1
What is the units digit of 58820?
0
What is the hundreds digit of 62896?
8
What is the tens digit of 28857?
5
What is the units digit of 15683?
3
What is the tens digit of 8512?
1
What is the hundreds digit of 57795?
7
What is the hundreds digit of 410?
4
What is the units digit of 8617?
7
What is the thousands digit of 58944?
8
What is the units digit of 495?
5
What is the thousands digit of 1175?
1
What is the units digit of 83726?
6
What is the units digit of 53?
3
What is the tens digit of 4664?
6
What is the thousands digit of 150696?
0
What is the tens digit of 670?
7
What is the hundreds digit of 302?
3
What is the thousands digit of 2289?
2
What is the ten thousands digit of 64613?
6
What is the units digit of 7084?
4
What is the ten thousands digit of 20036?
2
What is the units digit of 1338?
8
What is the hundreds digit of 148442?
4
What is the units digit of 924?
4
What is the thousands digit of 4322?
4
What is the tens digit of 392?
9
What is the units digit of 32343?
3
What is the units digit of 18433?
3
What is the thousands digit of 2132?
2
What is the hundreds digit of 1269?
2
What is the ten thousands digit of 12533?
1
What is the thousands digit of 35987?
5
What is the thousands digit of 28956?
8
What is the tens digit of 13524?
2
What is the hundreds digit of 1894?
8
What is the hundreds digit of 27531?
5
What is the tens digit of 884?
8
What is the tens digit of 12646?
4
What is the hundreds digit of 139835?
8
What is the tens digit of 553?
5
What is the hundreds digit of 281?
2
What is the tens digit of 13751?
5
What is the units digit of 8474?
4
What is the ten thousands digit of 14328?
1
What is the ten thousands digit of 12148?
1
What is the units digit of 2361?
1
What is the hundred thousands digit of 110725?
1
What is the tens digit of 13272?
7
What is the hundreds digit of 1597?
5
What is the thousands digit of 5999?
5
What is the thousands digit of 1831?
1
What is the tens digit of 142?
4
What is the ten thousands digit of 86343?
8
What is the tens digit of 903?
0
What is the tens digit of 1148?
4
What is the units digit of 13527?
7
What is the hundreds digit of 441?
4
What is the thousands digit of 12680?
2
What is the thousands digit of 9209?
9
What is the tens digit of 6846?
4
What is the tens digit of 366?
6
What is the hundreds digit of 2061?
0
What is the hundreds digit of 410?
4
What is the units digit of 111850?
0
What is the hundreds digit of 44923?
9
What is the units digit of 9273?
3
What is the hundreds digit of 31871?
8
What is the tens digit of 8041?
4
What is the tens digit of 44075?
7
What is the tens digit of 4610?
1
What is the tens digit of 336?
3
What is the units digit of 163?
3
What is the tens digit of 127?
2
What is the hundreds digit of 2050?
0
What is the hundreds digit of 744?
7
What is the thousands digit of 1326?
1
What is the units digit of 21613?
3
What is the tens digit of 1867?
6
What is the hundreds digit of 656?
6
What is the hundreds digit of 1311?
3
What is the tens digit of 1750?
5
What is the hundreds digit of 105?
1
What is the tens digit of 8552?
5
What is the hundreds digit of 582?
5
What is the units digit of 1346?
6
What is the hundreds digit of 971?
9
What is the hundreds digit of 26456?
4
What is the hundreds digit of 1164?
1
What is the tens digit of 1904?
0
What is the units digit of 2?
2
What is the units digit of 61679?
9
What is the hundreds digit of 23448?
4
What is the units digit of 68425?
5
What is the units digit of 2546?
6
What is the tens digit of 212?
1
What is the hundreds digit of 7765?
7
What is the units digit of 1835?
5
What is the hundreds digit of 6678?
6
What is the hundreds digit of 820?
8
What is the units digit of 465?
5
What is the hundreds digit of 1150?
1
What is the units digit of 593?
3
What is the tens digit of 13316?
1
What is the hundred thousands digit of 108378?
1
What is the units digit of 558?
8
What is the thousands digit of 24636?
4
What is the hundreds digit of 173489?
4
What is the thousands digit of 11011?
1
What is the hundreds digit of 20339?
3
What is the thousands dig